{"id":215,"date":"2020-04-21T17:45:39","date_gmt":"2020-04-21T17:45:39","guid":{"rendered":"https:\/\/simonedietrich.com\/?page_id=215"},"modified":"2024-08-18T16:50:48","modified_gmt":"2024-08-18T16:50:48","slug":"agb","status":"publish","type":"page","link":"https:\/\/simonedietrich.com\/?page_id=215","title":{"rendered":"AGB"},"content":{"rendered":"\n<p><strong>Allgemeine Gesch\u00e4ftsbedingungen\u00a0 Simone Dietrich<\/strong><br><strong>Allgemeines<\/strong><\/p>\n\n\n\n<p>Simone Dietrich f\u00fchrt Dialog- und Akzent-Coaching und gem\u00e4\u00df der unten aufgef\u00fchrten Allgemeinen Gesch\u00e4ftsbedingungen (AGB) durch.<br>Die Bedingungen gelten mit der Beauftragung vom Auftraggeber als angenommen. Alle weiteren Vereinbarungen sind nur dann verbindlich, wenn diese von Simone Dietrich schriftlich best\u00e4tigt worden sind. <br>Abgeschlossene Vertr\u00e4ge sind Dienstvertr\u00e4ge, sofern nicht ausdr\u00fccklich etwas anderes vereinbart wird.<br>Gegenstand des Vertrages ist die Erbringung der vereinbarten Leistung und nicht das Erzielen eines bestimmten Ergebnisses.<br>Die Coaching-Leistung wird auf der Grundlage der vom Auftraggeber zur Verf\u00fcgung gestellten Daten und Informationen erbracht.<\/p>\n\n\n\n<p><strong>Angebote, Honorare<\/strong><br>Honorare verstehen sich in Euro. F\u00fcr das Coaching werden die in der Vereinbarung festgelegten Honorare berechnet. Als Vereinbarung gelten m\u00fcndliche Absprachen sowie Best\u00e4tigung per email.<br>Nebenkosten, wie Telefongeb\u00fchren, Reise- und \u00dcbernachtungskosten usw \u00fcbernimmt der Auftraggeber.<br>Das Honorar ist, wenn nichts anderes vereinbart wurde, unmittelbar nach Rechnungsstellung und ohne Abzug f\u00e4llig.<\/p>\n\n\n\n<p><strong>Absage von vereinbarten Terminen<\/strong><br>Vereinbarte Termine sind grunds\u00e4tzlich verbindlich. Bei Nichteinhaltung der Vereinbarung von Seiten des Auftraggebers wird das volle Honorar als Ausfallhonorar f\u00e4llig.<br>Mit der Vereinbarung der Termine akzeptiert der Auftraggeber diese Regelung.<\/p>\n\n\n\n<p><strong>H\u00f6here Gewalt und sonstige Leistungshindernisse<\/strong><br>Im Falle h\u00f6herer Gewalt (Leistungshindernisse, die aufgrund von Krankheit, Unfall oder \u00e4hnlichem entstanden sind) wird der Coach den Auftraggeber schnellstm\u00f6glich verst\u00e4ndigen. Es besteht kein Anspruch auf \u00dcbernahme von Anfahrts- oder sonstiger Kosten.<\/p>\n\n\n\n<p><strong>Copyright<\/strong><br>An den Auftraggeber ausgeh\u00e4ndigte Unterlagen sind, soweit nicht anders vereinbart, in der vereinbarten Verg\u00fctung enthalten und zum pers\u00f6nlichen Gebrauch bestimmt.<br>Das Urheberrecht an Unterlagen und Konzepten liegt bei Simone Dietrich. Es ist dem Auftraggeber nicht gestattet, die Unterlagen ohne schriftliche Zustimmung ganz oder auszugsweise zu reproduzieren und\/oder Dritten zug\u00e4nglich zu machen. Eine Ver\u00f6ffentlichung, auch auszugsweise, ist untersagt.<\/p>\n\n\n\n<p><strong>Haftung<\/strong><br>Bei der T\u00e4tigkeit von Simone Dietrich handelt es sich um eine Dienstleistung. Der Erfolg ist nicht geschuldet. Eine Haftung wird ausgeschlossen. Der Versand bzw. die elektronische \u00dcbertragung jeglicher Daten erfolgt auf Gefahr des Klienten.<\/p>\n\n\n\n<p><strong>Vertraulichkeit<\/strong><br>Simone Dietrich verpflichtet sich, \u00fcber die im Rahmen der T\u00e4tigkeit bekannt gewordenen gesch\u00e4ftlichen und privaten Angelegenheiten des Auftraggebers auch nach der Beendigung des Vertrages Stillschweigen gegen\u00fcber Dritten zu bewahren.<\/p>\n\n\n\n<p><strong>Schlussbestimmung<\/strong><br>Sollten einzelne Bestimmungen des Vertrages mit dem Auftraggeber einschlie\u00dflich dieser Allgemeinen Gesch\u00e4ftsbedingungen ganz oder teilweise unwirksam werden, so wird hierdurch die G\u00fcltigkeit der \u00fcbrigen Bestimmungen nicht ber\u00fchrt. Die ganz oder teilweise unwirksame Regelung soll durch eine schriftlich zu best\u00e4tigende Regelung ersetzt werden, deren wirtschaftlicher Erfolg dem der unwirksamen m\u00f6glichst nahe kommt.<br>Gerichtsstand<br>Gerichtsstand ist das zust\u00e4ndige Amtsgericht Berlin. Es gilt das Recht der Bundesrepublik Deutschland.<br>\u00a0<\/p>\n","protected":false},"excerpt":{"rendered":"<p>Allgemeine Gesch\u00e4ftsbedingungen\u00a0 Simone DietrichAllgemeines Simone Dietrich f\u00fchrt Dialog- und Akzent-Coaching und gem\u00e4\u00df der unten aufgef\u00fchrten Allgemeinen Gesch\u00e4ftsbedingungen (AGB) durch.Die Bedingungen gelten mit der Beauftragung vom Auftraggeber als angenommen. Alle weiteren Vereinbarungen sind nur dann verbindlich, wenn diese von Simone Dietrich schriftlich best\u00e4tigt worden sind. Abgeschlossene Vertr\u00e4ge sind Dienstvertr\u00e4ge, sofern nicht ausdr\u00fccklich etwas anderes vereinbart wird.Gegenstand [&hellip;]<\/p>\n","protected":false},"author":1,"featured_media":0,"parent":0,"menu_order":0,"comment_status":"closed","ping_status":"closed","template":"","meta":{"footnotes":""},"_links":{"self":[{"href":"https:\/\/simonedietrich.com\/index.php?rest_route=\/wp\/v2\/pages\/215"}],"collection":[{"href":"https:\/\/simonedietrich.com\/index.php?rest_route=\/wp\/v2\/pages"}],"about":[{"href":"https:\/\/simonedietrich.com\/index.php?rest_route=\/wp\/v2\/types\/page"}],"author":[{"embeddable":true,"href":"https:\/\/simonedietrich.com\/index.php?rest_route=\/wp\/v2\/users\/1"}],"replies":[{"embeddable":true,"href":"https:\/\/simonedietrich.com\/index.php?rest_route=%2Fwp%2Fv2%2Fcomments&post=215"}],"version-history":[{"count":1,"href":"https:\/\/simonedietrich.com\/index.php?rest_route=\/wp\/v2\/pages\/215\/revisions"}],"predecessor-version":[{"id":216,"href":"https:\/\/simonedietrich.com\/index.php?rest_route=\/wp\/v2\/pages\/215\/revisions\/216"}],"wp:attachment":[{"href":"https:\/\/simonedietrich.com\/index.php?rest_route=%2Fwp%2Fv2%2Fmedia&parent=215"}],"curies":[{"name":"wp","href":"https:\/\/api.w.org\/{rel}","templated":true}]}}